l = -24. What is the units digit of h?
6
Let q(x) = -x - 1. Let g be q(-4). What is the units digit of (0 - 69/(-9))*g?
3
Let d be ((-30)/12)/((-1)/32). Suppose 64 = 4*f - d. What is the units digit of 212/18 + 8/f?
2
What is the tens digit of (-8)/40 - (-442)/10?
4
Suppose 9 = 3*t - 6. Suppose -m = -v + 2*m + 18, t*v = 2*m + 90. What is the units digit of v?
8
Suppose 0 = -4*d - 4*i + 588, 0*d - 5*d = -3*i - 711. What is the units digit of d?
4
Let t be 15*9/15*1. What is the units digit of t + (-3 - -6 - 3)?
9
Suppose -u - 3*u - 12 = 0. What is the units digit of (-2)/u + 38/6?
7
Let q(l) = l - 13. Let x be q(11). What is the units digit of 4 - (-12)/(-8)*x?
7
Let q(k) = k**3 - 4*k**2 + 2*k + 4. Let g be q(4). What is the units digit of (3/(-2))/((-2)/g)?
9
Let x(f) = f**3 + 5*f**2 - 4*f + 3. Let b be x(-6). Let w be 0*3/b - -3. Suppose -w*h + 22 = -h. What is the units digit of h?
1
Let q = -5 - -10. Suppose q*s = 2*s - 21. Let f = 14 + s. What is the units digit of f?
7
Let k(q) = q - 1. Let z be k(-3). Let x = z + 8. Let b = x + -1. What is the units digit of b?
3
Suppose -s = -47 + 7. What is the units digit of s?
0
Suppose 0 = w - 4 + 2. Suppose 0 = w*h - 6*h + 132. What is the units digit of h?
3
Let u(f) = -3*f. Let g be u(1). Let n = 1 - g. Suppose -16 = -n*l + 4. What is the units digit of l?
5
Let h be ((2 + -1)*5)/(-1). Let o(l) = l**3 + 4*l**2 - 5*l + 5. What is the units digit of o(h)?
5
Let s be (-890)/75 + (-4)/30. Let t(h) = -h - 7. What is the units digit of t(s)?
5
Let r(b) = b**2 - 2*b - 8. Let s be r(0). What is the tens digit of (-2)/(2/(s*2))?
1
Suppose -2 = -k - 4. What is the tens digit of k/(-5) - (-414)/15?
2
Let o = -2 - -2. Let z = 10 + o. What is the tens digit of z?
1
Suppose 0 = 2*l + 3*k - 5, 4*k + 36 = 4*l + 16. Suppose 32 = 5*r - 0*u - 2*u, -5*r + 34 = -l*u. Suppose 0*n = 2*n - r. What is the units digit of n?
3
Suppose -74 = 3*w - 4*y, -4*y = -w - 3*w - 100. Let h be (37 + -3 + 2)*1. Let p = h + w. What is the units digit of p?
0
Suppose 30 = 2*c + 4. What is the units digit of c?
3
Suppose -h + 4*i + 13 + 1 = 0, 3*i = 3*h - 15. Suppose 0 = h*w - 12. What is the units digit of w?
6
Suppose 0 = -z - 1, 3*v = z - 2*z + 62. What is the tens digit of v?
2
Suppose 16 = 4*s, -117 = -4*j + 3*j + s. What is the hundreds digit of j?
1
Let c(p) be the first derivative of -4*p**2 - 4*p - 8. What is the tens digit of c(-5)?
3
Suppose 493 = -0*b + 4*b + 5*m, 0 = 2*m - 2. What is the units digit of b?
2
Suppose -f + 100 = 2*y, 5*f = -3*y + 355 + 145. What is the hundreds digit of f?
1
Let q(i) = -i**2 - i + 10. Suppose 4*z = -0*z. What is the units digit of q(z)?
0
What is the tens digit of 23/(-4)*(-8 + -4)?
6
Suppose 0*m = -5*m + 10. What is the tens digit of -3 + 2 - (m - 21)?
1
Let w = -6 + 10. Suppose -w*f - f - 30 = 0. What is the units digit of f/9 - 16/(-6)?
2
Let g(z) be the first derivative of z**3 + 13*z**2/2 + 6*z + 4. What is the tens digit of g(-6)?
3
Let n = -17 - -30. Suppose 0 = 8*z - n*z + 70. What is the units digit of z?
4
Let v(r) = 2*r**2 - 6*r - 1. Let g(h) = h**2 - 7*h. Let l(u) = 3*g(u) - 2*v(u). What is the units digit of l(-7)?
6
Let i be 5 - (4 - (-2)/(-1)). Let n be -1*(-14)/4*2. Let w = n + i. What is the tens digit of w?
1
Suppose 0 = 5*v - b - 378, 5*v + 2*b + b = 386. Suppose -j + 0*f - 3 = 5*f, -3*j = -2*f - v. What is the tens digit of j?
2
Suppose 2*q + 8 = -4*o, 2*o + q = 4*o + 12. Let x = 5 + o. What is the units digit of x?
1
Suppose -2 = t + 2. What is the tens digit of (-58)/t + 1/(-2)?
1
Let s = -19 - -9. Let c = s - -6. Let f = c + 7. What is the units digit of f?
3
Let b(v) = 4*v**3 - v**2 - 5*v**3 + 5 - 2*v**2 + 6*v. Let i be b(-4). Let z(r) = 2*r**2 + 3*r - 3. What is the units digit of z(i)?
6
Let g(d) = d**2. Let u be g(0). Let k(y) = -3*y**3 + 3*y**2 + 1. Let b(o) = -8*o**3 + 8*o**2 + 3. Let c(s) = 4*b(s) - 11*k(s). What is the units digit of c(u)?
1
Let z(o) = o**2 + o - 3. What is the units digit of z(3)?
9
Suppose t + 2 = 0, -2*w - 3*w - 5*t + 35 = 0. Let l(g) be the third derivative of g**5/60 - 3*g**4/8 + g**3 + g**2. What is the units digit of l(w)?
6
Let m be ((-3)/9)/(1/(-3)). What is the units digit of (-10)/(-6)*(m + 2)?
5
Let c be (2/3)/(2/21). Let b = c - -7. What is the units digit of b?
4
Suppose -2*a + 5*d + 66 = 0, 3*a + 0*d - 2*d - 77 = 0. Suppose -4*z + 3 = -2*r + 5, -3*z + a = 2*r. What is the units digit of r?
7
Let y(x) = -x**3 + 4*x**2 - 2*x + 5. Let z be y(4). What is the units digit of (13 + z)/(2 + -1)?
0
Let i be (-3 - 0) + (1 - 1). What is the units digit of -1 + -1 + (-9)/i?
1
Let d = 141 - -154. What is the hundreds digit of d?
2
Let s(l) = -l**2 + 12*l - 1. What is the tens digit of s(10)?
1
Suppose -8*k + 1512 = k. What is the tens digit of k?
6
Let q(k) = -10*k**2 + 1. Let b be q(1). Let v(t) = -t**3 - 8*t**2 + 7*t - 7. What is the tens digit of v(b)?
1
What is the units digit of 0 - -7 - (-3 + 6)?
4
Let k(v) = v**3 - 6*v**2 - 7*v + 3. Let l be k(7). Suppose l*t - 60 = -0. What is the units digit of t?
0
Let w(o) be the third derivative of -o**6/120 - 7*o**5/60 - o**4/12 - 5*o**3/6 - o**2. Let k = -14 - -7. What is the units digit of w(k)?
9
Let z be (8*-3)/(-3) - 3. Suppose -2*r = 3*r + z*s - 200, 3*s = 5*r - 168. What is the units digit of r?
6
Let z(k) = -7*k. Suppose 19 = -5*l - 4*w + 64, -10 = -2*w. Suppose 8 = -4*m - y, -y - y + 10 = -l*m. What is the units digit of z(m)?
4
Let a(l) = 19*l**2 + l - 8. What is the hundreds digit of a(-3)?
1
Suppose 4*x = -20, -d = x - 14 - 23. What is the tens digit of d?
4
Suppose -2*j + 43 = -5*y, -7*y - 56 = -4*j - 3*y. Let w be j/4 - 1/4. Suppose 4*x = w*g - 6*g + 48, 4*g - x = 28. What is the units digit of g?
8
Let s = -49 - -77. Let w = s + 6. Let g = w - 21. What is the units digit of g?
3
Let r be (-18)/6 + (10 - 2). Suppose 12 = r*n - n. Let v = n - -8. What is the tens digit of v?
1
Suppose 1 = f - 2. What is the tens digit of f*1 + 12 + -1?
1
Suppose -2*y + 41 = -2*s - 9, 2*s = -2*y + 34. What is the units digit of y?
1
Let z(x) = x**2 + 7*x - 5 + 4 + 2. What is the units digit of z(-7)?
1
What is the units digit of (9/18)/((-2)/12) + 9?
6
Let z be ((-3)/(-2))/(21/(-140)). Let f = -6 - z. Suppose -f*s - 1 = -61. What is the tens digit of s?
1
Let n = -15 + -8. Let o = 35 + n. What is the tens digit of o?
1
Let t(h) = -h**3 - 7*h**2 - h + 2. Suppose -d - d = 14. What is the units digit of t(d)?
9
Let z be 17 - ((-2)/1 - -1). Suppose 0*d - d - 4*k = z, 5*d + k - 5 = 0. Suppose -d*f = -3*f + 4, 4*b = 4*f + 52. What is the tens digit of b?
1
Suppose m = y + 26, 2*m - 3*y = -2*m + 107. What is the units digit of m?
9
Let g(p) = 4 - 2*p - 5 + 3 - 4. What is the units digit of g(-5)?
8
Let x = 25 + 7. What is the tens digit of x?
3
Let h(x) = -x**2 - 2*x - 1. Let s be h(-2). Let r be 0/s + 28/4. Suppose 2*b - r*b + 50 = 0. What is the tens digit of b?
1
Let f = -44 - -85. What is the units digit of f?
1
Let x = -7 + 13. Suppose -3*f - 5 = -20. Suppose f*i + x*y = y + 20, 4*i + y = 16. What is the units digit of i?
4
Suppose 4*w = -8, -4*p + w + 17 = -25. What is the tens digit of p?
1
Let w be (-15)/2*(-8)/10. Let r = -8 - -6. Let d = r + w. What is the units digit of d?
4
Suppose -3*u + 1 = -5. Let m be 2/(u - 0)*1. Let x(c) = 2*c - 1. What is the units digit of x(m)?
1
Let m be -6*1/(-2) + 1. Suppose 0 = -2*r - 0*r + m. What is the units digit of 4*r/2 - 0?
4
Let t be (-135)/(-9)*4/(-6). Let i = 24 + t. What is the tens digit of i?
1
Suppose 0 = 4*o + n - 310, -3*o - 68 = -4*o - 5*n. What is the units digit of o?
8
Suppose -5*j - 6 = -21. Suppose 0 = v, -2*v = -f - j*v + 2. Suppose 0 = -0*c + f*c - 10. What is the units digit of c?
5
Let h = 5 - 13. What is the units digit of (216/h)/(6/(-4))?
8
Let w(u) = -17*u + 12. What is the tens digit of w(-5)?
9
What is the tens digit of (-20)/3*3/(-2)?
1
Let j be 2/(-4) + (-50)/(-4). Suppose -y + v = -j, -12 = -2*y - 4*v + 2*v. Suppose -3*l = a - y, -3*a - 2*a = -4*l - 7. What is the units digit of l?
2
Let f(k) = 2*k**2 + 3*k + 4. Let z be f(3). Suppose 0 = 2*q + 6 + 2, -4*q - z = -t. Suppose 0*r + 3*r = t. What is the units digit of r?
5
Suppose -80 = -2*s - 8. Let v be 8/(-12) + (-22)/3. What is the units digit of v/s + (-29)/(-9)?
3
Let d(h) = 10